-8
Let v(i) be the second derivative of i**5/20 + i**4/3 + 5*i**3/6 + 3*i**2/2 - 7*i. Let d = -6 + 3. Give v(d).
-3
Let l(s) = -2*s**3 - 3*s**2 - s + 1. Suppose 2 = g - 2. Let r(w) = -w**3 + 3*w**2 + 3*w + 2. Let i be r(g). What is l(i)?
7
Let v = 101 + -97. Let x(q) = -2*q**2 + 4*q - 4. What is x(v)?
-20
Let g(q) = -11*q**3 + q**2 - q. Let s be g(1). Let t = 15 + s. Let o(h) = -h**3 + 5*h**2 - h - 5. Determine o(t).
7
Let y be (-18)/(-10) + (-1)/(-5). Let q = -3 + y. Let z(d) = 9*d**3 - d**2 + d + 1. Give z(q).
-10
Let q(m) = 8*m**3 - m**2. Let l = -27 - -28. Calculate q(l).
7
Let q(o) = -o**3 + 5*o**2 + 7*o. Suppose -5*m + 0*m = -20. Let y be 128/20 - m/10. Give q(y).
6
Let o(a) be the third derivative of a**5/60 + a**4/4 + a**3/2 + 14*a**2. Determine o(-6).
3
Let q = 6 + -4. Let r = q - 3. Let k(a) = 7*a**2 - 2. Let n(l) = -l**2 + 1. Let w(c) = k(c) + 3*n(c). Calculate w(r).
5
Let w(d) = 2*d**2 - 161 + 6*d + 155 - 3*d**2. What is w(6)?
-6
Let c(r) = r**3 - 5*r**2 + 5*r + 3. Let h be (-62)/(-5) + 6/(-15). Suppose 2*w + w = h. Give c(w).
7
Let k(b) = -7*b**2 - b - 1. Let x(l) = 4*l**2 + l + 1. Let h(u) = 3*k(u) + 5*x(u). Let a = -602 - -600. What is h(a)?
-6
Let t = -25 + 13. Let i = t - -14. Let p(u) = 10*u - 3. Determine p(i).
17
Let d(x) be the first derivative of 1/2*x**2 + 5/4*x**4 + 4/3*x**3 + 1 + 4*x. Let o(t) = 6*t**3 + 3*t**2 + t + 3. Let a(m) = 4*d(m) - 5*o(m). Give a(1).
-9
Let t(w) = -w + 2*w**2 - 6 + 0*w**2 + 1 + 4. Suppose 4*n - 4*r - 4 = 0, 2*n - 4*r = n + 1. Let o be n - (-2)/(-3)*3. Give t(o).
2
Let z(t) = -25*t - 25. Let b(u) = -1. Let r(i) = 25*b(i) - z(i). Give r(1).
25
Suppose 5 = -3*f + 2*f. Let s be -1 - 5 - (f + 4). Let k(y) = y**3 + 6*y**2 + 4*y + 1. Calculate k(s).
6
Let q(z) be the third derivative of -z**6/180 + z**5/120 - z**3/3 + z**2. Let t(k) be the first derivative of q(k). Determine t(2).
-6
Let g(b) = 8*b - 2 + 3 - 2*b. Suppose 4 = 3*i - 2. Suppose -i*o - 1 = -z + 4, -5*o + z = 8. Calculate g(o).
-5
Let q(n) be the first derivative of n**5/120 - 5*n**4/24 + 2*n**3/3 - 2. Let y(v) be the third derivative of q(v). Let j = -12 - -16. Calculate y(j).
-1
Let h(x) = -x**2 - x - 7. Suppose 20 = 2*q - 5*g, 0 = -q + g + 3*g + 16. Suppose q = -3*v + 5*v. What is h(v)?
-7
Let u be (-1)/((1/1)/(-24)). Let v be (u/28)/((-2)/(-14)). Let n(i) = i**2 - 7*i + 8. Calculate n(v).
2
Let b(f) be the second derivative of f**5/20 + 5*f**4/12 - f**3/6 - 2*f**2 + 28*f. Determine b(-4).
16
Suppose -2*j + 10 = 2*b, -5*j = -4*b - j + 4. Let g(s) = -s + 3. Calculate g(b).
0
Let j(l) be the first derivative of l**4/4 + 5*l**3/3 - 7*l**2/2 - 4*l + 1. Let i be j(-6). Let o(s) = -s**2 + 3*s + 0 + 1 + 1. What is o(i)?
4
Let b be 0*-1*2/4. Suppose b = 2*k - 82 - 30. Let z be (-6)/(-4)*k/21. Let x(j) = -j**3 + 5*j**2 - 7*j + 6. Give x(z).
-6
Let a(f) = -f. Let r(u) = -8*u + 1. Let v(n) = 4*a(n) - r(n). What is v(-1)?
-5
Let p(m) = m**2 + m + 2. Let h be -4 - ((-168)/49 - 4/7). Give p(h).
2
Let c(g) = -g**3 + 9*g**2 - 4*g + 2. Let y(q) = -q**2 + q. Let j(v) = c(v) + 3*y(v). Calculate j(6).
-4
Let r = -1 + 4. Let o(k) = -6 + r*k - 2*k - 3*k. Let f(u) = -u**3 - 6*u**2 - 3*u + 6. Let z be f(-5). Determine o(z).
2
Let w(h) = -h - 3*h + 2*h + h. Calculate w(0).
0
Let g(h) = -2*h + 3. Let o be (-100)/(-26) - 8/(-52). Let u be (-17)/o + 2/8. Let q be 3/((-3)/u) + 0. Determine g(q).
-5
Suppose -5*g = 5*s - 2*s + 2, 3*s + 3*g - 6 = 0. Let t(d) = 6 - d**3 + s*d**2 - 6 + 5. Let j be -6 + 1*(-3 + 15). Calculate t(j).
5
Let h = -4 + 8. Let r(b) = -11*b**3 + 2*b**2 + 13*b - 1. Let s(a) = -5*a**3 + a**2 + 6*a. Let q(p) = h*r(p) - 9*s(p). Let m be -8*4/(-12) - (-2)/6. Give q(m).
8
Let g(x) = x - 10. Let o be 2 - (-3 - -7)/2. Determine g(o).
-10
Let l(b) = -b**3 - 14*b**2 - b - 9. Let x be l(-14). Let j(h) = -7*h - 8. Let w(y) = -3*y - 4. Let d(n) = x*w(n) - 2*j(n). Calculate d(-6).
2
Let f(t) = 3 + 0 - t + 4*t**2 - 2. Suppose 3*a + 2 = 5*i, 5*a - 2*a - 7 = -4*i. Give f(i).
4
Let i(b) = 2*b**2 - 3*b + 3. Let w(g) = g**2 - 3*g + 4. Let q = 5 - 8. Let j(d) = q*w(d) + 2*i(d). Determine j(-5).
4
Let d(o) be the third derivative of o**5/60 - 5*o**4/24 + o**3/2 + o**2. Suppose 0 = z + 5*z - 18. Let s be d(z). Let u(j) = -j**2 - 5*j - 2. Determine u(s).
4
Let f(t) = 4*t**2 + 6*t + 10 - 5*t**2 - 3. Calculate f(7).
0
Suppose 0*y - 3*y = -15. Let b(l) = -2*l**2 - l - 5. Let m(s) = s**2 + s + 3. Let k(j) = 3*j**2 + 1. Let n be k(-1). Let o(d) = n*b(d) + 7*m(d). Give o(y).
-9
Let h(y) be the third derivative of y**5/30 + y**4/24 + 2*y**3/3 - 5*y**2. Let m(f) be the first derivative of h(f). Give m(-2).
-7
Let d(p) = 3*p**2 - 8*p + 6. Let m(g) = 2*g**2 - 7*g + 5. Let q(n) = -3*d(n) + 4*m(n). Let z be 2 - (2 + 3 + 1). Determine q(z).
2
Let x(j) be the second derivative of j**5/20 - j**4/12 + j**3/6 - 5*j**2/2 + 7*j. What is x(0)?
-5
Let p(c) = -c - 7. Let x(j) = j**2 - 3*j - 2. Let u be x(5). Suppose 0 = -10*g + u*g. Calculate p(g).
-7
Let p(m) = -m**3 + 5*m**2 - 2*m - 4. Let t(i) be the third derivative of -i**5/12 + i**4/12 - i**3/6 + i**2. Let w be t(1). Let a = w - -8. Determine p(a).
4
Let i be 1*-9 - (-2 - -1). Let q be (1 - 2)/(4/i). Let h(y) = y**2 - y + 2. Give h(q).
4
Let l(b) = -4*b + 2. Suppose -5*r = -3*g - 2*r, g - 12 = -5*r. Determine l(g).
-6
Let s(j) be the first derivative of -j**6/360 + j**5/30 + 2*j**3/3 - 1. Let f(m) be the third derivative of s(m). Determine f(2).
4
Let w(u) = -2*u**2 - 5*u - 7. Let j(r) = -r**2 - 3*r - 4. Suppose 0*n - 13 = 3*n - 4*v, 0 = 2*n - v + 7. Let a(x) = n*w(x) + 5*j(x). Determine a(-2).
5
Let m(k) = k**2 - 5 - 2*k**2 + 7*k + 2*k. Let b be m(8). Suppose 5*p + 4*l = 11, -5*p - b*l + 3 = -3*p. Let z(t) = -t + 6. What is z(p)?
3
Suppose -5*z + 1 = -4. Let c = 2 - z. Let h(r) = -7*r**3 + 8*r**2 - 5*r - 1. Let u(y) = -8*y**3 + 9*y**2 - 6*y - 1. Let j(d) = -7*h(d) + 6*u(d). What is j(c)?
-1
Let t(r) be the third derivative of 0*r + 0*r**5 - 4*r**2 - 1/120*r**6 + 0*r**3 + 0 + 1/24*r**4. What is t(2)?
-6
Let f be (0*(-4)/(-20))/(-1). Let o(g) = -g + 3. What is o(f)?
3
Let a(l) = -l**2 - 9*l + 7. Let b = 15 - 24. What is a(b)?
7
Let p(h) be the third derivative of -h**5/12 - h**3/6 + h**2. Let a = 32 + -22. Let w = a - 9. Give p(w).
-6
Let i(u) = 3*u - 5. Let p be (30/3)/(-2) + 1. Let v(l) be the third derivative of l**4/12 - 2*l**3/3 + 2*l**2. Let z(r) = p*v(r) + 3*i(r). What is z(-3)?
-2
Suppose -5*r + 6 = -9. Let j(v) = -v**3 + 3*v**2 - 2*v - 1. Give j(r).
-7
Let h be (9 + 3)*1/3. Suppose 0 = 3*a + 3*m - 11 - h, a = -2*m + 4. Let b(q) = -q + 7. Calculate b(a).
1
Let o(r) = r - 5. Suppose 2*a = 4*a - 4. Suppose -3*d - a*d - 25 = 0. Let s be (8/10)/(d/(-25)). Calculate o(s).
-1
Let o(l) = -l**3 - 3*l**2 - 4*l - 3. Suppose 23*h - 36 = 35*h. Calculate o(h).
9
Let z be 0 - 4 - 20/(-5). Let d(a) = a - 10. Calculate d(z).
-10
Let p(d) be the third derivative of d**5/15 + d**4/24 - 6*d**2. Determine p(1).
5
Let g(y) = y - 1. Let n(z) = -z**2 - 5*z - 11. Let a(w) = -4*g(w) + n(w). Determine a(-5).
13
Suppose 7 + 2 = 2*n - 3*u, -4*u - 4 = 0. Let f = n + -2. Let p(z) = 2*z - 2 + f - 3*z. Determine p(-3).
2
Let p(x) = -x**2 - 6. Suppose 21*q - 19*q = 0. Calculate p(q).
-6
Let t(c) = 5*c**2 - c. Let s(b) = b**2 - 5*b - 7. Let p(d) = -3*d**2 + 7*d**2 + 6 + d**2 + d**3. Let w be p(-5). Let x be s(w). Calculate t(x).
6
Let r(v) = v**3 + 8*v**2 + 6*v - 4. Suppose 0 = -x - 2 - 5. Let a be r(x). Let c(u) = -2 + a*u + 3 - 4*u. Give c(-4).
5
Let a be ((-30)/(-5))/2*1. Let h(z) be the second derivative of -1/20*z**5 - a*z + 3/2*z**2 - 1/3*z**4 + 0 + 0*z**3. What is h(-4)?
3
Let o(q) = q**2 - 3*q - 2. Suppose -50 = 2*l + 2*h, -5*h + 19 = -2*l + l. Let f = -21 - l. Calculate o(f).
-2
Suppose -p + 0*p = 7. Let w = p + 7. Let h(a) = -a**2 - 1. What is h(w)?
-1
Let l(c) = -c**3 - c**2 - 4*c - 3 - c**2 - c**2. Let k be l(-2). Let q be (-3 + k - -2) + 2. Let g(u) = u**3 - u**2 - u - 1. What is g(q)?
1
Let t(p) = -4*p - 2. Let c(k) = 8*k + 13. Let g be c(-2). Give t(g).
10
Let l(c) be the first derivative of -c**4/4 + 2*c**3 - 3*c**2/2 + 8*c - 2. Calculate l(6).
-10
Let l(g) = -16*g**2 - 15*g + 36. Let c(s) = 3*s**2 + 3*s - 7. Suppose -2*q + 4*q = -4. Let p = -4 - q. Let r(i) = p*l(i) - 11*c(i). Give r(-5).
-5
Let r = 3 - 4. Let i(n) be the third derivative 